uppose y*r - 4 = -r. What are the prime factors of r?
2
Let o be (2 + 0)/((-8)/76). Let z = 43 + o. Suppose 0*j = -4*j + z. What are the prime factors of j?
2, 3
Let f(l) = -86*l**3 + l + 1. What are the prime factors of f(-1)?
2, 43
Suppose -3*x + 8 + 19 = 3*j, j = -3*x + 13. Let g(z) = z - 4. Let r be g(j). Suppose -r*m = -0*m - 48. What are the prime factors of m?
2
Let j = 9 - 5. Suppose -i + 4*i - 265 = y, -5*y - 79 = -i. Suppose 5*l = 4*c + i, c - 12 = -l + j. What are the prime factors of l?
17
Let r(u) = -3*u - 1. Let j be r(-5). Suppose j = 3*l - 49. What are the prime factors of l?
3, 7
Suppose 7*z = -0*z + 245. List the prime factors of z.
5, 7
Let b = -88 - -216. List the prime factors of b.
2
What are the prime factors of (1211/(-21))/((-2)/6)?
173
Suppose -6*d - 78 = 108. Let f = d - -55. What are the prime factors of f?
2, 3
Suppose 0 = -5*w - 2*u + 41, -4*w - 3*u = -0*u - 37. Let j(s) = s + 6. What are the prime factors of j(w)?
13
Suppose -s - 3*w = -5*s - 7, -3*w = -15. Suppose -q + 24 = 4*m - 3*q, -s*q = 2*m - 12. Suppose l + m = 15. What are the prime factors of l?
3
What are the prime factors of (-1 + -9)*(-14)/4?
5, 7
List the prime factors of 5/((-27)/(-18)*(-4)/(-114)).
5, 19
Let u(k) = k + 35. Let c be u(0). What are the prime factors of 32/14 + (-10)/c?
2
Let g(j) = -j**3 - 6*j**2 - j - 2. Let b be g(-6). Suppose b*o + 8 = 40. List the prime factors of o.
2
Let r be (-1 + -2)*280/(-6). Suppose 0*t = 5*t - r. What are the prime factors of t?
2, 7
Suppose 5*z + 15 = 75. Suppose 0 = -0*x + 3*x - z. Suppose 0 = -v - x*v + 40. List the prime factors of v.
2
Suppose x - 4 + 0 = 0. Let k = 0 + x. Suppose -k*j + 7*j - 9 = 0. List the prime factors of j.
3
Let v = 62 - 30. List the prime factors of v.
2
Let j = -4 + 2. Let r be (j - -3)*(-1 + -1). What are the prime factors of 5 - (r - (-4)/2)?
5
Let l be ((-6)/4 + 2)*2. List the prime factors of 1 + l + 4 + -2.
2
Let k = 1 + 2. Suppose 4*w - 16 = k*w. List the prime factors of w.
2
Let v = 20 + -15. Suppose 0 = 2*g - 3*k - 64, 0*g + 3*g - 96 = -v*k. List the prime factors of g.
2
Let f = 72 + -66. What are the prime factors of f?
2, 3
Let c = 120 + -79. What are the prime factors of c?
41
Let h be (-12)/28 - 11/7. List the prime factors of 0/2 - (-9 + h).
11
Suppose 0 = 4*j - 3*u - 111, -j - 3*j + 106 = 2*u. Suppose -4*x - 5*i = -114, 5*i + j + 41 = 3*x. What are the prime factors of x?
2, 13
Let c(v) = -4*v**3. Let s be c(-1). Suppose s*r - 3*r = 18. What are the prime factors of r?
2, 3
Let l = -240 + 385. Suppose -2*f = 3*f - l. What are the prime factors of f?
29
Let d be (0 - (-10)/(-2))*-1. Suppose 2*j = -3*v + 39, -3*j = -d*v - j + 49. List the prime factors of v.
11
Suppose -7*a - 1728 = -31*a. List the prime factors of a.
2, 3
Let f(r) = -r**3 - 3*r**2 + 3*r + 6. Let w be f(-4). What are the prime factors of 315/14*16/w?
2, 3
Suppose -4*z - 2*v + 84 + 120 = 0, -3*v = 4*z - 204. List the prime factors of z.
3, 17
Suppose 3 = -3*v + 6*v, -90 = -2*a + 4*v. What are the prime factors of a?
47
What are the prime factors of (1/4)/(-1) + (-42756)/(-336)?
127
Let v(y) = 7*y**3 + 2*y**2 - 2*y + 1. Let d be v(1). Let n(m) = m**2 + 2*m - 1. Let t be n(1). What are the prime factors of (2 - 1)*d/t?
2
Suppose 0*h + 48 = h. Let y be (-3 + 2 - 2)*-1. Suppose d = -y*d + h. What are the prime factors of d?
2, 3
Let a = -42 - -63. Let b = 2 + -9. Let s = a + b. List the prime factors of s.
2, 7
What are the prime factors of -2 - (-276)/3 - 2*-1?
2, 23
Suppose -4*n + 5 = -f, -3*f + 3*n = -2*n + 1. Suppose 0*m + 7 = m - 3*g, -g + 11 = f*m. What are the prime factors of m?
2
Let n(v) = -v + 10. Suppose -24 = -7*w + 3*w. Let j be n(w). Suppose -j*y + 51 - 7 = 0. List the prime factors of y.
11
Let q be 18/(-21) - 4/28. Let b = q - -17. List the prime factors of b.
2
Suppose 2*o = -4*l - o - 112, 2*l + 56 = -4*o. List the prime factors of (-8)/(-14)*l/(-8).
2
Suppose 4*l - 20 = -l. Let t = 3 + -5. What are the prime factors of (6 + -2)/(t + l)?
2
Let k(a) be the second derivative of -a**3 - a**2 - a. List the prime factors of k(-2).
2, 5
Let g(v) = -v**3 + 23*v**2 - 28*v - 35. What are the prime factors of g(21)?
7, 37
Let d(h) = -3*h - 4. Let b be d(-3). Let a = -3 + b. What are the prime factors of a?
2
Suppose -6*q + q = -4*p + 227, 0 = -4*p + 2*q + 230. What are the prime factors of p?
2, 29
Suppose -2*v = -72 + 26. List the prime factors of v.
23
Let l(q) = 2*q - 5. Let m = 34 + -24. Suppose m = -0*k + 2*k. List the prime factors of l(k).
5
Suppose -122 - 88 = -5*w. What are the prime factors of w?
2, 3, 7
Suppose -2*t + 5*z = 2*t - 129, 2*z - 78 = -2*t. List the prime factors of t.
2, 3
Suppose 0 = -0*w - w. Let b be w - (-2)/(-2) - -3. Suppose b*o - 4*c + 2*c = 6, c = 3*o - 17. What are the prime factors of o?
7
Let x(h) = h + 21. List the prime factors of x(4).
5
Let m = -10 - -74. List the prime factors of m.
2
Let v(d) = -7*d**3 + 2*d**2 + 8*d + 4. Let s(j) = j**3 - j - 1. Let y(w) = 6*s(w) + v(w). Let p be y(2). Let a(g) = 7*g - 2. List the prime factors of a(p).
2, 3
Let r = -4 - -2. Let t(f) be the third derivative of f**5/60 + f**4/12 + f**3/3 + 5*f**2. What are the prime factors of t(r)?
2
Let d(k) be the first derivative of k**3/3 - k**2/2 + 10*k - 3. What are the prime factors of d(0)?
2, 5
Suppose 0 = -5*u - 2*i - 209, 3*u + 103 = -2*i - 20. Let w = u - -84. What are the prime factors of w?
41
Let g = 557 + -811. What are the prime factors of (-1)/3 - g/6?
2, 3, 7
Let j(o) = -3 - 1 + 3*o**3 - 6*o**2 - 2*o**3 + 14 - 5*o. What are the prime factors of j(7)?
2, 3
Let s(u) = -3*u**3 - 2*u**2 + 1. Let r be s(1). Let i = 10 - r. List the prime factors of i.
2, 7
Let p be 60/(-18) - (-1)/3. List the prime factors of (-6)/(-4)*(-80)/p.
2, 5
What are the prime factors of 2/12*3*-6 - -126?
3, 41
Let s(q) = -q**2 + 3*q + 4. Let a be s(-4). Let n be 0 + 0 + -1 - a. Suppose -n = -j + p, 3*j + 5*p = -0*p + 37. What are the prime factors of j?
19
Let o(c) = -c**2 - 5*c - 6. Let k(g) = 3*g**2 + 14*g + 17. Let w(r) = 3*k(r) + 8*o(r). List the prime factors of w(-2).
3
Let y = 32 - -28. List the prime factors of y.
2, 3, 5
Let j(k) = -k**2 + 7*k - 2. Let r be j(5). Suppose 5*c - 4*c = -5*t + r, -4*c + 74 = -t. List the prime factors of c.
2, 3
Suppose 42 - 6 = 4*c. What are the prime factors of (16/3)/(6/c)?
2
Let r be 27/(-18) - 21/(-2). What are the prime factors of 93/r + 2/3?
11
Let r(m) = -9*m. Let v be r(-1). Let x = -4 + v. List the prime factors of x.
5
Let p(m) be the first derivative of -m**2/2 + 4*m + 2. Let r = -1 + 1. List the prime factors of p(r).
2
Suppose 4*l - 1 = 7. Let y = 26 - l. List the prime factors of y.
2, 3
Let n(q) = -5*q + 4. Let y(r) = -11*r + 7. Let g(t) = 9*n(t) - 4*y(t). What are the prime factors of g(-7)?
3, 5
Suppose -28 = -4*d + 8. Let o be 2/(-2 + 21/d). List the prime factors of (o/(-5))/((-9)/30).
2
Suppose 3*u + 204 = 6*u. List the prime factors of u.
2, 17
Let f(i) = i. Let d be f(0). What are the prime factors of 19 - (-1)/(-1 + d)?
2, 3
Let j(g) = 7*g**2 - g - 4. Let o(c) = -20*c**2 + 4*c + 11. Let a(x) = 17*j(x) + 6*o(x). Let f = -1 - -7. What are the prime factors of a(f)?
2
Let i(s) = s**3 + 5*s**2 + 5*s + 3. Let o be i(-5). Let a = o + 33. What are the prime factors of a?
11
Suppose -2*c - 2093 = -9*c. Suppose -2*y + 5*x + 113 = 0, 4*x = -5*y - 0*x + c. List the prime factors of y.
59
Suppose -30 = -g - g. Suppose g = -y + 4*y. What are the prime factors of y?
5
Suppose -g = 3*u - 21, 7*u - 30 = 3*u - 2*g. Let f be 3 - u/(-3)*-3. What are the prime factors of f/(-5) + (-42)/(-5)?
3
Suppose i = -5*k - 17, 4*k - 4*i + 0*i = -28. Let h = k + 17. Suppose 3*z + 16 = 3*l - 11, -l + 5*z = -h. List the prime factors of l.
2
Suppose -i = -4*k - 271, -4*i - 16 = -3*k - 203. What are the prime factors of (k/15 - -3)*-10?
2
Let a(c) = c**2 + 9*c - 18. What are the prime factors of a(-12)?
2, 3
Let x(u) = 13*u**2 + u - 12*u**2 + 2*u - 2. Let h = -5 + 7. List the prime factors of x(h).
2
Let z = 3 + -2. List the prime factors of z/(-6) - 978/(-36).
3
Let v be 46/14 - (-2)/(-7). Suppose 5*u + 23 = -m + v*m, 5*u = -4*m + 1. Suppose -m*n = -g - 33, n = -4*g + 3*g + 12. List the prime factors of n.
3
Let q(s) = -s + 46. Let j be q(0). Suppose 0 = 3*m, 3*m